{"id":41,"date":"2023-02-28T16:20:04","date_gmt":"2023-02-28T16:20:04","guid":{"rendered":"https:\/\/dunaslivres.pt\/?page_id=41"},"modified":"2025-12-10T21:11:43","modified_gmt":"2025-12-10T21:11:43","slug":"manifesto","status":"publish","type":"page","link":"https:\/\/dunaslivres.pt\/en\/manifesto\/","title":{"rendered":"Manifesto"},"content":{"rendered":"<div data-elementor-type=\"wp-page\" data-elementor-id=\"41\" class=\"elementor elementor-41\">\n\t\t\t\t<div class=\"elementor-element elementor-element-8f81c33 e-flex e-con-boxed e-con e-parent\" data-id=\"8f81c33\" data-element_type=\"container\" data-e-type=\"container\">\n\t\t\t\t\t<div class=\"e-con-inner\">\n\t\t<div class=\"elementor-element elementor-element-3f5dd23 e-flex e-con-boxed e-con e-child\" data-id=\"3f5dd23\" data-element_type=\"container\" data-e-type=\"container\" data-settings=\"{&quot;background_background&quot;:&quot;classic&quot;}\">\n\t\t\t\t\t<div class=\"e-con-inner\">\n\t\t\t\t<div class=\"elementor-element elementor-element-3af3721 elementor-widget elementor-widget-heading\" data-id=\"3af3721\" data-element_type=\"widget\" data-e-type=\"widget\" data-widget_type=\"heading.default\">\n\t\t\t\t<div class=\"elementor-widget-container\">\n\t\t\t\t\t<h1 class=\"elementor-heading-title elementor-size-default\">Manifesto of the association<br>Dunas Livres<\/h1>\t\t\t\t<\/div>\n\t\t\t\t<\/div>\n\t\t\t\t\t<\/div>\n\t\t\t\t<\/div>\n\t\t\t\t<div class=\"elementor-element elementor-element-97e0eb4 elementor-widget__width-initial elementor-widget elementor-widget-text-editor\" data-id=\"97e0eb4\" data-element_type=\"widget\" data-e-type=\"widget\" data-widget_type=\"text-editor.default\">\n\t\t\t\t<div class=\"elementor-widget-container\">\n\t\t\t\t\t\t\t\t\t<h1>MANIFESTO OF THE DUNAS LIVRES ASSOCIATION<\/h1>\n<div>\u00a0<\/div>\n<p>A Associa\u00e7\u00e3o Dunas Livres \u00e9 um movimento de cidad\u00e3s que se une para proteger uma das \u00faltimas costas ainda preservadas do litoral ib\u00e9rico: a \u201cCosta Azul\u201d entre Tr\u00f3ia e Sines.<\/p>\n<p>This coastal dune strip has survived the unregulated urbanisation that has been spreading across the Portuguese coastline, and today it stands as a unique European treasure whose value for future generations will only continue to grow.<\/p>\n<p>Precisely because it has maintained this good state of conservation and natural richness, its preservation is now threatened by the development of a \u201cluxury tourism fabric\u201d, already being promoted in the foreign press as \u201cEurope\u2019s new Ibiza\u201d and the next global golf destination.<\/p>\n<p>A dramatic transformation of the region is imminent \u2014 geographically, demographically, and ecologically. Six mega-developments have been identified, each larger than the local towns, along with five new golf courses and four resorts built directly on dune ecosystems, with numerous aggravating impacts, among others not yet publicly disclosed.<\/p>\n<p>The failure to safeguard this territory has been attributed to deficient, outdated, and mutable land-use plans. The relevant Portuguese authorities appear to continue ignoring the absolute necessity of avoiding construction on dune systems\u2014especially during the United Nations Decade on Ecosystem Restoration.<\/p>\n<p>The dunes and wetlands present here constitute an extremely rich biodiversity hotspot, a sensitive home to many plant species protected at the European level under the Natura 2000 Habitats Directive, and an emblematic stopping point for birdlife. They mediate the transition between land and sea, influencing the integrity of nearby important marine ecosystems. They protect the Sado Estuary Natural Reserve. They provide countless essential ecosystem services to the Portuguese population, increasingly vital for climate change mitigation: controlling coastal erosion and sea-level rise; serving as key rainwater infiltration areas and replenishing the Sado aquifer; offering storm protection; and safeguarding biogenetic resources, among others.<\/p>\n<p>All together, these projects degrade and fragment the region, displacing and alienating local communities from their voice and natural resources, and breaking the ecological continuity that sustains this landscape. We observe that several projects have been \u201cfast-tracked\u201d through the designation of National Interest \u2014 a classification we consider to betray Portuguese citizens. Their contribution to the country is far from positive.<\/p>\n<p>The irreversible loss of rare habitats, the depletion of the aquifer in an arid region to irrigate golf courses and thousands of holiday homes, the dubious \u201cmini-cities\u201d intended to house the necessary crowds of migrant construction workers in precarious conditions, the privatised or inaccessible beaches, the sacrifice of what little remains of a coastline already beyond its limit of human occupation \u2014 these are heavy costs for the Portuguese people, and become scandalous when compared with what is being created: a bargain-priced economy handed to large foreign groups, serving the leisure of a small elite.<\/p>\n<p>Allowing these projects and this extractive model to irreversibly destroy the last great wild coastal expanse of the country is to usurp the future of the next generations; it is to fall into an already lamented mistake \u2014 shamefully repeated and unacceptable today. The Dunas Livres Platform intends to stop this mistake.<\/p>\n<p>We demand the full protection of the dunes across the entire Tr\u00f3ia Peninsula, which should already be more widely and assertively covered by nature protection regimes that effectively enforce the Habitats Directive, and the suspension of the construction of further resorts or golf courses beyond those that currently exist \u2014 which we know are already more than sufficient. The Tr\u00f3ia Peninsula Urbanisation Plan is a land-use planning instrument that must be revoked due to its total inadequacy to the place and the time in which we live.<\/p>\n<p>We denounce the complete unsustainability and irresponsibility of water consumption by resorts with golf courses from Comporta to Melides. We will not allow exploitation of the aquifer in a region under water stress and so close to the ocean and the saline wedge.<br \/>We oppose the false narrative that this is a model of sustainable development. Building on dunes is destroying dunes. Calling \u201ceco-resorts\u201d to projects whose environmental impact is classified as habitat elimination \u2014 \u201cnegative, direct, certain, permanent, irreversible, strong in magnitude and highly significant\u201d \u2014 is fraud.<\/p>\n<p>We want to see uncontrolled tourist expansion curbed along the entire coast of the municipalities of Gr\u00e2ndola and Alc\u00e1cer do Sal, so that tourism and construction do not compromise their true asset: nature.<br \/>We call on everyone who wishes to join us for Dunas Livres \u2014 for freedom from unsustainable construction; for the future of the next generations; for respect for Portuguese citizens in crucial national decisions; for the defence of a heritage of incalculable value for the world \u2014 to sign this Manifesto.<\/p>\n<p>Signed by several organisations and civic movements that join our mission through a platform for Dunas Livres:<\/p>\n<figure><a href=\"https:\/\/dunaslivres.pt\/en\/\" target=\"_blank\" rel=\"noreferrer noopener\"><img decoding=\"async\" style=\"width: 169px; height: auto;\" src=\"https:\/\/dunaslivres.pt\/wp-content\/uploads\/2023\/03\/logo-dunas.jpg\" alt=\"\" \/><\/a>\u00a0 \u00a0 \u00a0<img decoding=\"async\" style=\"color: var( --e-global-color-text ); font-family: var( --e-global-typography-text-font-family ), Sans-serif; font-size: var( --e-global-typography-text-font-size ); font-weight: var( --e-global-typography-text-font-weight ); text-align: var(--text-align);\" src=\"https:\/\/dunaslivres.pt\/wp-content\/uploads\/2023\/03\/logo-quercus.jpg\" alt=\"\" \/>\u00a0 \u00a0 \u00a0\u00a0<img decoding=\"async\" style=\"color: var( --e-global-color-text ); font-family: var( --e-global-typography-text-font-family ), Sans-serif; font-size: var( --e-global-typography-text-font-size ); font-weight: var( --e-global-typography-text-font-weight ); text-align: var(--text-align);\" src=\"https:\/\/dunaslivres.pt\/wp-content\/uploads\/2023\/03\/logo-zero.jpg\" alt=\"\" \/>\u00a0 \u00a0 \u00a0<img decoding=\"async\" style=\"color: var( --e-global-color-text ); font-family: var( --e-global-typography-text-font-family ), Sans-serif; font-size: var( --e-global-typography-text-font-size ); font-weight: var( --e-global-typography-text-font-weight ); text-align: var(--text-align);\" src=\"https:\/\/dunaslivres.pt\/wp-content\/uploads\/2023\/03\/logo-lpn.jpg\" alt=\"\" \/><\/figure>\n<div>\n<p><\/p>\n<div class=\"is-layout-flow wp-block-column-is-layout-flow\">\n<p><\/p>\n<figure><img decoding=\"async\" src=\"https:\/\/dunaslivres.pt\/wp-content\/uploads\/2023\/03\/logo-geota.jpg\" alt=\"\" \/>\u00a0 \u00a0 \u00a0 \u00a0<img decoding=\"async\" style=\"color: var( --e-global-color-text ); font-family: var( --e-global-typography-text-font-family ), Sans-serif; font-size: var( --e-global-typography-text-font-size ); font-weight: var( --e-global-typography-text-font-weight ); text-align: var(--text-align);\" src=\"https:\/\/dunaslivres.pt\/wp-content\/uploads\/2023\/03\/logo-spea.jpg\" alt=\"\" \/>\u00a0\u00a0 \u00a0 \u00a0\u00a0<img decoding=\"async\" style=\"color: var( --e-global-color-text ); font-family: var( --e-global-typography-text-font-family ), Sans-serif; font-size: var( --e-global-typography-text-font-size ); font-weight: var( --e-global-typography-text-font-weight ); text-align: var(--text-align);\" src=\"https:\/\/dunaslivres.pt\/wp-content\/uploads\/2023\/03\/logo-speco.jpg\" alt=\"\" \/>\u00a0 \u00a0 \u00a0<img decoding=\"async\" style=\"color: var( --e-global-color-text ); font-family: var( --e-global-typography-text-font-family ), Sans-serif; font-size: var( --e-global-typography-text-font-size ); font-weight: var( --e-global-typography-text-font-weight ); text-align: var(--text-align);\" src=\"https:\/\/dunaslivres.pt\/wp-content\/uploads\/2023\/03\/logo-oceanalive.jpg\" alt=\"\" \/><\/figure>\n<\/div>\n<\/div>\n<div>\n<div>\n<p><\/p>\n<\/div>\n<p><\/p>\n<p><\/p>\n<div class=\"is-layout-flow wp-block-column-is-layout-flow\">\n<p><\/p>\n<figure><img decoding=\"async\" src=\"https:\/\/dunaslivres.pt\/wp-content\/uploads\/2023\/03\/logo-iris.jpg\" alt=\"\" \/>\u00a0<img decoding=\"async\" style=\"color: var( --e-global-color-text ); font-family: var( --e-global-typography-text-font-family ), Sans-serif; font-size: var( --e-global-typography-text-font-size ); font-weight: var( --e-global-typography-text-font-weight ); text-align: var(--text-align);\" src=\"https:\/\/dunaslivres.pt\/wp-content\/uploads\/2023\/03\/logo-sciaena.jpg\" alt=\"\" \/><\/figure>\n<\/div>\n<div>\n<p><\/p>\n<\/div>\n<p><\/p>\n<\/div>\t\t\t\t\t\t\t\t<\/div>\n\t\t\t\t<\/div>\n\t\t\t\t\t<\/div>\n\t\t\t\t<\/div>\n\t\t\t\t<\/div>","protected":false},"excerpt":{"rendered":"<p>Manifesto da Associa\u00e7\u00e3oDunas Livres MANIFESTO DA ASSOCIA\u00c7\u00c3O DUNAS LIVRES \u00a0 A Associa\u00e7\u00e3o Dunas Livres \u00e9 um movimento de cidad\u00e3s que se une para proteger uma das \u00faltimas costas ainda preservadas do litoral ib\u00e9rico: a \u201cCosta Azul\u201d entre Tr\u00f3ia e Sines. Esta orla costeira dunar tem sobrevivido \u00e0 urbaniza\u00e7\u00e3o desregulada que vem cobrindo o litoral portugu\u00eas, [&hellip;]<\/p>\n","protected":false},"author":1,"featured_media":0,"parent":0,"menu_order":0,"comment_status":"closed","ping_status":"closed","template":"elementor_header_footer","meta":{"footnotes":""},"class_list":["post-41","page","type-page","status-publish","hentry"],"_links":{"self":[{"href":"https:\/\/dunaslivres.pt\/en\/wp-json\/wp\/v2\/pages\/41","targetHints":{"allow":["GET"]}}],"collection":[{"href":"https:\/\/dunaslivres.pt\/en\/wp-json\/wp\/v2\/pages"}],"about":[{"href":"https:\/\/dunaslivres.pt\/en\/wp-json\/wp\/v2\/types\/page"}],"author":[{"embeddable":true,"href":"https:\/\/dunaslivres.pt\/en\/wp-json\/wp\/v2\/users\/1"}],"replies":[{"embeddable":true,"href":"https:\/\/dunaslivres.pt\/en\/wp-json\/wp\/v2\/comments?post=41"}],"version-history":[{"count":60,"href":"https:\/\/dunaslivres.pt\/en\/wp-json\/wp\/v2\/pages\/41\/revisions"}],"predecessor-version":[{"id":1606,"href":"https:\/\/dunaslivres.pt\/en\/wp-json\/wp\/v2\/pages\/41\/revisions\/1606"}],"wp:attachment":[{"href":"https:\/\/dunaslivres.pt\/en\/wp-json\/wp\/v2\/media?parent=41"}],"curies":[{"name":"wp","href":"https:\/\/api.w.org\/{rel}","templated":true}]}}

<div data-elementor-type="wp-page" data-elementor-id="41" class="elementor elementor-41">
				<div class="elementor-element elementor-element-8f81c33 e-flex e-con-boxed e-con e-parent" data-id="8f81c33" data-element_type="container" data-e-type="container">
					<div class="e-con-inner">
		<div class="elementor-element elementor-element-3f5dd23 e-flex e-con-boxed e-con e-child" data-id="3f5dd23" data-element_type="container" data-e-type="container" data-settings="{&quot;background_background&quot;:&quot;classic&quot;}">
					<div class="e-con-inner">
				<div class="elementor-element elementor-element-3af3721 elementor-widget elementor-widget-heading" data-id="3af3721" data-element_type="widget" data-e-type="widget" data-widget_type="heading.default">
				<div class="elementor-widget-container">
					<h1 class="elementor-heading-title elementor-size-default">Manifesto of the association<br>Dunas Livres</h1>				</div>
				</div>
					</div>
				</div>
				<div class="elementor-element elementor-element-97e0eb4 elementor-widget__width-initial elementor-widget elementor-widget-text-editor" data-id="97e0eb4" data-element_type="widget" data-e-type="widget" data-widget_type="text-editor.default">
				<div class="elementor-widget-container">
									<h1>MANIFESTO OF THE DUNAS LIVRES ASSOCIATION</h1>
<div> </div>
<p>A Associação Dunas Livres é um movimento de cidadãs que se une para proteger uma das últimas costas ainda preservadas do litoral ibérico: a “Costa Azul” entre Tróia e Sines.</p>
<p>This coastal dune strip has survived the unregulated urbanisation that has been spreading across the Portuguese coastline, and today it stands as a unique European treasure whose value for future generations will only continue to grow.</p>
<p>Precisely because it has maintained this good state of conservation and natural richness, its preservation is now threatened by the development of a “luxury tourism fabric”, already being promoted in the foreign press as “Europe’s new Ibiza” and the next global golf destination.</p>
<p>A dramatic transformation of the region is imminent — geographically, demographically, and ecologically. Six mega-developments have been identified, each larger than the local towns, along with five new golf courses and four resorts built directly on dune ecosystems, with numerous aggravating impacts, among others not yet publicly disclosed.</p>
<p>The failure to safeguard this territory has been attributed to deficient, outdated, and mutable land-use plans. The relevant Portuguese authorities appear to continue ignoring the absolute necessity of avoiding construction on dune systems—especially during the United Nations Decade on Ecosystem Restoration.</p>
<p>The dunes and wetlands present here constitute an extremely rich biodiversity hotspot, a sensitive home to many plant species protected at the European level under the Natura 2000 Habitats Directive, and an emblematic stopping point for birdlife. They mediate the transition between land and sea, influencing the integrity of nearby important marine ecosystems. They protect the Sado Estuary Natural Reserve. They provide countless essential ecosystem services to the Portuguese population, increasingly vital for climate change mitigation: controlling coastal erosion and sea-level rise; serving as key rainwater infiltration areas and replenishing the Sado aquifer; offering storm protection; and safeguarding biogenetic resources, among others.</p>
<p>All together, these projects degrade and fragment the region, displacing and alienating local communities from their voice and natural resources, and breaking the ecological continuity that sustains this landscape. We observe that several projects have been “fast-tracked” through the designation of National Interest — a classification we consider to betray Portuguese citizens. Their contribution to the country is far from positive.</p>
<p>The irreversible loss of rare habitats, the depletion of the aquifer in an arid region to irrigate golf courses and thousands of holiday homes, the dubious “mini-cities” intended to house the necessary crowds of migrant construction workers in precarious conditions, the privatised or inaccessible beaches, the sacrifice of what little remains of a coastline already beyond its limit of human occupation — these are heavy costs for the Portuguese people, and become scandalous when compared with what is being created: a bargain-priced economy handed to large foreign groups, serving the leisure of a small elite.</p>
<p>Allowing these projects and this extractive model to irreversibly destroy the last great wild coastal expanse of the country is to usurp the future of the next generations; it is to fall into an already lamented mistake — shamefully repeated and unacceptable today. The Dunas Livres Platform intends to stop this mistake.</p>
<p>We demand the full protection of the dunes across the entire Tróia Peninsula, which should already be more widely and assertively covered by nature protection regimes that effectively enforce the Habitats Directive, and the suspension of the construction of further resorts or golf courses beyond those that currently exist — which we know are already more than sufficient. The Tróia Peninsula Urbanisation Plan is a land-use planning instrument that must be revoked due to its total inadequacy to the place and the time in which we live.</p>
<p>We denounce the complete unsustainability and irresponsibility of water consumption by resorts with golf courses from Comporta to Melides. We will not allow exploitation of the aquifer in a region under water stress and so close to the ocean and the saline wedge.<br />We oppose the false narrative that this is a model of sustainable development. Building on dunes is destroying dunes. Calling “eco-resorts” to projects whose environmental impact is classified as habitat elimination — “negative, direct, certain, permanent, irreversible, strong in magnitude and highly significant” — is fraud.</p>
<p>We want to see uncontrolled tourist expansion curbed along the entire coast of the municipalities of Grândola and Alcácer do Sal, so that tourism and construction do not compromise their true asset: nature.<br />We call on everyone who wishes to join us for Dunas Livres — for freedom from unsustainable construction; for the future of the next generations; for respect for Portuguese citizens in crucial national decisions; for the defence of a heritage of incalculable value for the world — to sign this Manifesto.</p>
<p>Signed by several organisations and civic movements that join our mission through a platform for Dunas Livres:</p>
<figure><a href="https://dunaslivres.pt/en/" target="_blank" rel="noreferrer noopener"><img decoding="async" style="width: 169px; height: auto;" src="https://dunaslivres.pt/wp-content/uploads/2023/03/logo-dunas.jpg" alt="" /></a>     <img decoding="async" style="color: var( --e-global-color-text ); font-family: var( --e-global-typography-text-font-family ), Sans-serif; font-size: var( --e-global-typography-text-font-size ); font-weight: var( --e-global-typography-text-font-weight ); text-align: var(--text-align);" src="https://dunaslivres.pt/wp-content/uploads/2023/03/logo-quercus.jpg" alt="" />      <img decoding="async" style="color: var( --e-global-color-text ); font-family: var( --e-global-typography-text-font-family ), Sans-serif; font-size: var( --e-global-typography-text-font-size ); font-weight: var( --e-global-typography-text-font-weight ); text-align: var(--text-align);" src="https://dunaslivres.pt/wp-content/uploads/2023/03/logo-zero.jpg" alt="" />     <img decoding="async" style="color: var( --e-global-color-text ); font-family: var( --e-global-typography-text-font-family ), Sans-serif; font-size: var( --e-global-typography-text-font-size ); font-weight: var( --e-global-typography-text-font-weight ); text-align: var(--text-align);" src="https://dunaslivres.pt/wp-content/uploads/2023/03/logo-lpn.jpg" alt="" /></figure>
<div>
<p></p>
<div class="is-layout-flow wp-block-column-is-layout-flow">
<p></p>
<figure><img decoding="async" src="https://dunaslivres.pt/wp-content/uploads/2023/03/logo-geota.jpg" alt="" />       <img decoding="async" style="color: var( --e-global-color-text ); font-family: var( --e-global-typography-text-font-family ), Sans-serif; font-size: var( --e-global-typography-text-font-size ); font-weight: var( --e-global-typography-text-font-weight ); text-align: var(--text-align);" src="https://dunaslivres.pt/wp-content/uploads/2023/03/logo-spea.jpg" alt="" />       <img decoding="async" style="color: var( --e-global-color-text ); font-family: var( --e-global-typography-text-font-family ), Sans-serif; font-size: var( --e-global-typography-text-font-size ); font-weight: var( --e-global-typography-text-font-weight ); text-align: var(--text-align);" src="https://dunaslivres.pt/wp-content/uploads/2023/03/logo-speco.jpg" alt="" />     <img decoding="async" style="color: var( --e-global-color-text ); font-family: var( --e-global-typography-text-font-family ), Sans-serif; font-size: var( --e-global-typography-text-font-size ); font-weight: var( --e-global-typography-text-font-weight ); text-align: var(--text-align);" src="https://dunaslivres.pt/wp-content/uploads/2023/03/logo-oceanalive.jpg" alt="" /></figure>
</div>
</div>
<div>
<div>
<p></p>
</div>
<p></p>
<p></p>
<div class="is-layout-flow wp-block-column-is-layout-flow">
<p></p>
<figure><img decoding="async" src="https://dunaslivres.pt/wp-content/uploads/2023/03/logo-iris.jpg" alt="" /> <img decoding="async" style="color: var( --e-global-color-text ); font-family: var( --e-global-typography-text-font-family ), Sans-serif; font-size: var( --e-global-typography-text-font-size ); font-weight: var( --e-global-typography-text-font-weight ); text-align: var(--text-align);" src="https://dunaslivres.pt/wp-content/uploads/2023/03/logo-sciaena.jpg" alt="" /></figure>
</div>
<div>
<p></p>
</div>
<p></p>
</div>								</div>
				</div>
					</div>
				</div>
				</div>

<p>Manifesto da AssociaçãoDunas Livres MANIFESTO DA ASSOCIAÇÃO DUNAS LIVRES   A Associação Dunas Livres é um movimento de cidadãs que se une para proteger uma das últimas costas ainda preservadas do litoral ibérico: a “Costa Azul” entre Tróia e Sines. Esta orla costeira dunar tem sobrevivido à urbanização desregulada que vem cobrindo o litoral português, [&hellip;]</p>
